he prime factors of h.
2, 3, 11
Let w(m) = m**2 - 8*m + 8. Let k be w(4). What are the prime factors of (47 + k)/(6/4)?
2, 13
List the prime factors of (-9514)/(-14) + (-159)/(-371).
2, 5, 17
Let i be (-12)/18 + 2/3. Let p be (i + 78)/(66/(-176)). Let d = 291 + p. What are the prime factors of d?
83
Let h(p) = p**2 + 17*p + 6. Let v be h(-13). Let x = 4 + -7. What are the prime factors of (v/(-10))/(x/(-15))?
23
Let w(b) = -4*b - 16. Let s be ((-11)/(-10) + 7/14)*-5. What are the prime factors of w(s)?
2
Suppose 4*i + 2825 = 53*d - 52*d, -2*i + 5700 = 2*d. List the prime factors of d.
5, 569
Let m = -10 - -22. Let t be 3/m - (-7)/4. Suppose -o + 27 = t*o. List the prime factors of o.
3
Suppose -174 = -l - 305. Let f = l - -159. What are the prime factors of f?
2, 7
Let n(m) = 7*m**2 + 3*m - 15. What are the prime factors of n(-8)?
409
Suppose -i + 18 = 2*i - 3*z, 0 = -3*z - 3. Let a be (i - 2)*(-6)/(-6). Suppose 4*s - 4*h - 79 + 31 = 0, a*s - 5*h = 46. List the prime factors of s.
7
Let i(s) = -s**3 + 3*s**2 + 10*s + 4. Let c be i(5). Suppose c*g - 2*l - 174 = 0, -l + 80 = 4*g - 79. What are the prime factors of g?
41
Let f be 2 - (0 + -2) - -2. Suppose -1300 = -7*k - f*k. What are the prime factors of k?
2, 5
Suppose -q = -5*q - 4, 4*q = 2*s - 74. Suppose 576 = -s*y + 37*y. What are the prime factors of y?
2, 3
Let h be (-1)/(-3)*(-1 - -1). Suppose h*d + 2*y + 232 = 5*d, 5*y + 220 = 5*d. Suppose -16 = n - d. What are the prime factors of n?
2
Suppose -349 = -5*i - t, -i + 2*t + 31 + 30 = 0. Let z = 110 - i. List the prime factors of z.
41
Suppose t - 2814 = -u, -4*t = -3*t + 4. What are the prime factors of u?
2, 1409
Suppose -716 = -2*s + 5*v, 3*v - 6 = -0. What are the prime factors of s?
3, 11
List the prime factors of (16 + -21)/(2/(-164)).
2, 5, 41
Let p be 3/4 - (-342)/24. Let l = p + -7. List the prime factors of l.
2
Let o be ((-12)/(-9) - 1)*-9. List the prime factors of 3/((-36)/44)*o.
11
Let d be (-2)/(-11) + 240/11. Let t(u) = -u**3 + 22*u**2 + 4*u - 19. What are the prime factors of t(d)?
3, 23
Let r(p) be the second derivative of p**5/20 - 17*p**4/12 + p**3/6 + 19*p**2/2 - 23*p. What are the prime factors of r(17)?
2, 3
Let l(z) = -16*z - 6. Let h be l(2). Let p = h - -43. What are the prime factors of p?
5
Suppose 4*h = 2*r + 144, 124 = 2*h + 2*h + 3*r. Suppose -u = -h - 108. List the prime factors of u.
2, 71
Suppose 18*l + 5 = 19*l. Suppose 0 = -l*n + 432 + 373. List the prime factors of n.
7, 23
Let m(n) = -n - 1. Let r be m(10). Suppose 5*t - c + 108 = -3*c, 0 = -5*t - 3*c - 107. Let u = r - t. What are the prime factors of u?
11
Let c = 117 + -48. Suppose -u + l = -c, 2*u + 2*l = 3*u - 70. What are the prime factors of u?
2, 17
Let o = -58 + 62. Let b(d) = -d**2 + 8. Let g(v) = 2*v**2 - 15. Let n(p) = 5*b(p) + 3*g(p). List the prime factors of n(o).
11
List the prime factors of 42835/130 - -3*(-1)/(-2).
331
Let f(b) = b**2 + b - 207. Let s be f(0). Let g = -71 - s. List the prime factors of ((-27)/18)/((-6)/g).
2, 17
Let w = -415 - -227. List the prime factors of (w/8)/((-1 - -2)/(-2)).
47
Suppose -2*p + 80 = -0*p. Let n be 1/(((-4)/2)/6). List the prime factors of (-60)/p*34/n.
17
Let m = -10 + 10. Suppose m = -5*p + 7 + 13. List the prime factors of 112/(-24)*(-18)/p.
3, 7
Suppose -24*v - 728 = -28*v + s, s + 4 = 0. List the prime factors of v.
181
Let z be 38/3 - 2/3. Suppose 45 = s + 40. Let m = s + z. List the prime factors of m.
17
Let k be ((-6)/(-4) + 3)/(3/96). Suppose n = -77 + k. What are the prime factors of n?
67
Suppose 841 = 2*j + 3*r, -2*j + 1673 = 2*j - 3*r. List the prime factors of j.
419
Let g be 322/77 + 4/(-22). Suppose 8 = g*j - 16. Suppose -j*t + 22 = -14. What are the prime factors of t?
2, 3
List the prime factors of (-6)/12 + (-684)/(-8).
5, 17
Let z(h) = 22*h. Let y be z(-7). Let u = -85 - y. List the prime factors of u.
3, 23
Let o(r) be the second derivative of -r**4/12 - 5*r**3/6 - r. List the prime factors of o(-4).
2
Let l = 27 - 29. List the prime factors of (-112)/l - (10 + -7).
53
Let l(d) = 9*d**2 - 1. Suppose -3*u = 0, 8 = -x - 2*u - 2*u. Let t(a) = -a**3 - 7*a**2 + 7*a - 7. Let b be t(x). List the prime factors of l(b).
2
Let j(p) = -23*p + 117. What are the prime factors of j(-12)?
3, 131
Suppose 3*a - 5*m - 441 - 1040 = 0, 5*a - 2477 = 4*m. List the prime factors of a.
7, 71
Let k(o) = -o**3 + 10*o**2 - 7*o + 13. Let y = 4 + 5. List the prime factors of k(y).
31
Let f(q) = 76*q - 18. Let y be f(-4). Let d = y + 521. What are the prime factors of d?
199
Suppose 3*p + 303 = 3*i, i = -2*i - 5*p + 311. Let c = 58 + i. List the prime factors of c.
2, 5
Suppose -5*z + z = 28. Let s be (-2)/z + 9/(-7). What are the prime factors of 0 + 30*(2 + s)?
2, 3, 5
Let a(q) = -q**3 - 9*q**2 - 10*q - 12. Let t be a(-8). Suppose -3*k - 2*d - 3*d + t = 0, 0 = 3*d + 3. What are the prime factors of ((-124)/10)/(k/(-15))?
2, 31
Suppose 4*w = 3*w. Let y be 2 + (w - 0) - -540. List the prime factors of y/26 - 10/(-65).
3, 7
Let i(a) be the first derivative of 5*a**2/2 - 3*a + 5. What are the prime factors of i(5)?
2, 11
Let l be 5*1 + 12/(-12). Suppose -3*c + 13 = l. Suppose 0 = 3*g + v - 18, g + v - 7 = -c. What are the prime factors of g?
7
Let k = -62 - -63. List the prime factors of (k/1)/(13/715).
5, 11
List the prime factors of (1 - -756) + -95 + 94.
2, 3, 7
Let m = 4306 + -1673. What are the prime factors of m?
2633
Let r = 67 + -34. Let o = r + -15. Let s = o - -4. What are the prime factors of s?
2, 11
Let n = 22 - 14. Let d be 0*(-2)/6 - -4. Let b = n - d. What are the prime factors of b?
2
Let c(z) = -z**3 + 39*z**2 - 105*z + 7. What are the prime factors of c(35)?
2, 7, 11
Suppose 3*m - 8223 = 63. What are the prime factors of m?
2, 1381
Let q(w) = -4*w - 14. Suppose 0 = -2*g - 5*h - 43, -1 = -3*h - 16. List the prime factors of q(g).
2, 11
Let v(c) = c**2 - c + 5. Let d be v(4). Let w = 23 - d. List the prime factors of w.
2, 3
Suppose -4*r = -0*z + z - 27, -3*z - 55 = -5*r. Let h(o) = -o**2 + 6*o - 12. Let i be h(r). What are the prime factors of 180/35*i/(-6)?
2, 3
Suppose -61*m = -21*m + 80. Let f(n) = 2*n - 8. Let i be f(6). What are the prime factors of i/(2 - m)*53?
53
Let p be ((-8)/(112/35))/((-1)/2). Suppose 4 = -2*f + 4*g, -3*f = -7*f - p*g + 44. List the prime factors of f.
2, 3
Suppose -4*z + 4052 = 4*p, -5083 = -5*z - 0*p + 4*p. What are the prime factors of z?
5, 7, 29
List the prime factors of 6 - 81651/(-85) - 2/(-5).
967
Let u = -13 - -23. Suppose 5*k + 75 = 230. Let f = k - u. What are the prime factors of f?
3, 7
Let h(l) = -23*l - 17. Let p(b) = -46*b - 35. Let o(c) = 9*h(c) - 4*p(c). Let m be o(8). What are the prime factors of m/(-5) - 6/15?
3, 13
Let g(x) = 12*x**2 + 38*x + 69. List the prime factors of g(-14).
1889
Suppose -13*y + 1253 = 57. List the prime factors of y.
2, 23
Let v be (-1)/2*1/2*4. What are the prime factors of -5 - -35 - (v - 2)/3?
31
List the prime factors of 12/(-42) - (-85304)/56.
1523
Suppose -2*l + a = -1, 5*l = 5*a - 1 - 4. Suppose -l*c + 0*c = -114. What are the prime factors of c?
3, 19
Let y(n) = 16*n + 9. Let g be y(0). Let f(c) = -6*c - 12. Let i be f(-9). Suppose -l + i = g. What are the prime factors of l?
3, 11
Suppose 0 = 2198*t - 2200*t + 9300. What are the prime factors of t?
2, 3, 5, 31
Let v(i) = -884*i - 521. What are the prime factors of v(-6)?
4783
Let v be 3/1 - (-9)/9. Let y be (-6)/((1*-4)/v). List the prime factors of 20 + y/2 - 3.
2, 5
Suppose -252 = -17*x + 11*x. Let l(t) = 7*t**3 + t. Let m be l(1). Suppose 5*y - x = m. What are the prime factors of y?
2, 5
Let f(q) = -q**3 + 21*q**2 - 5*q - 131. List the prime factors of f(-8).
5, 353
Let m = 24 - -122. What are the prime factors of m?
2, 73
Let k(b) = -1. Let g(i) = -2. Let p(n) = 6*g(n) - 13*k(n). Let f(l) = -13*l + 4. Let u(z) = f(z) - 2*p(z). What are the prime factors of u(-1)?
3, 5
Let s = -13 - -18. Suppose -b + x + 4*x = -75, 279 = s*b - x. What are the prime factors of b?
5, 11
Let d = -103 + 143. What are the prime factors of d?
2, 5
Suppose -3*f = 2*f - 485. Let z = -44 + f. What are the prime factors of z?
53
Let h be (-1 + -6)*(-106)/7. Let j be -1 + (4 - (-1 + 1)). Suppose h = j*n + 28. List the prime factors of n.
2, 13
Let m(u) = 2*u**2 - u + 1. Let v 